-6)/4*10/p is divided by z?
1
Suppose 0 = -0*k + 4*k + y + 24, -4*k = 2*y + 28. Calculate the remainder when 59 is divided by -7 - (-15 + k + -2).
14
Suppose -533*j = v - 531*j - 150, 5*v = -4*j + 732. What is the remainder when v is divided by 75?
69
Let a(p) = -p - 6. What is the remainder when 38 is divided by a(-15)?
2
Let b be -5*2/(-30)*1*147. Let f = b - 17. Suppose -2*j + 2*i + 14 = 0, 1 = 2*j - 5*i + 2. Calculate the remainder when f is divided by j.
8
Suppose 3972*y + 93 = 3975*y - 3*v, y + 5*v = 43. Calculate the remainder when 1401 is divided by y.
15
Suppose 0 = -1850*h + 1867*h - 663. Calculate the remainder when 2074 is divided by h.
7
Suppose 3*k - 15 = -4*f, -k - 11*f = -9*f - 3. Calculate the remainder when 109 is divided by -1 + k/6 + (-81)/(-6).
11
Suppose 5*f - 5 = 5*w, -4*f = 5*w - 0*w - 31. Suppose -f = -4*l + 28. What is the remainder when (-4 + (-13)/(-3))/((-31)/(-3441)) is divided by l?
5
Suppose -670*n = -1030*n + 30600. Calculate the remainder when 830 is divided by n.
65
Calculate the remainder when 743 is divided by (-2712)/(-2)*(-70)/(-840).
65
Let l be (-1515)/150 - 2/(-20). Let d(a) = a**3 + 11*a**2 + 5*a - 28. Calculate the remainder when 56 is divided by d(l).
12
Let u be 3/(-4) + (-1017)/(-12). Suppose -1650 = -99*c + u*c. What is the remainder when c is divided by 7?
5
Suppose 168 = -6*y - 2*y. What is the remainder when 54 is divided by -1 - -4 - (y - -13)?
10
Calculate the remainder when ((-1)/2)/(11/(-6094)) is divided by 0 + (-1 - 139)/(-2).
67
Let x(m) = -2*m - 17. Let v be x(-9). Calculate the remainder when 130 is divided by ((-27)/(-12))/(v*1/12).
22
Let n be (-20)/(-7)*28/8. Let p(z) = z**3 - 8*z**2 - 12*z - 8. Let q be p(n). Suppose -180 = -a - q. Calculate the remainder when a is divided by 22.
20
Suppose 2769 = m + 465. Suppose t - 25*t = -m. Calculate the remainder when t is divided by 51.
45
Let q(p) = 641*p - 1. Let d be q(1). Let l = d - 566. Calculate the remainder when l is divided by 7.
4
Let b(x) = -105*x - 3657. What is the remainder when b(-43) is divided by 164?
38
Let r(a) = -a**2 - a + 278. Suppose -3*g + 16 = 4*j, -3*j + 4 + 8 = 0. Calculate the remainder when r(g) is divided by 14.
12
Let z = 790 + 480. Suppose -8*a = -z - 146. What is the remainder when a is divided by 4/(12/135) - 0?
42
Suppose 2*c + 1869 = k, 5*k + 6*c = -1621 + 10886. What is the remainder when k is divided by 14?
11
Suppose 3*s = n - 4*n + 162, -3*s + 5*n + 186 = 0. What is the remainder when s is divided by (-2 - (-5 + 3)/2) + 26?
7
Let x = 111 - 193. Let a = -78 - x. Suppose 2*n + 266 = a*h, 3*n - 182 = -3*h + n. Calculate the remainder when h is divided by 17.
13
Let l = 11829 + -11822. What is the remainder when 257/5 - (-30)/50 is divided by l?
3
Suppose 4*p = 2*h - 118, 71*h - 74*h + 213 = -12*p. Calculate the remainder when h is divided by 18.
11
Suppose -2*g - 3 = -9. Let t(v) = 2*v**2 + v. Let u = 178 - 96. What is the remainder when u is divided by t(g)?
19
Let o = 11 + 17. Suppose -k = -2*k + 7*k. Suppose k = 14*r + 98 - 840. Calculate the remainder when r is divided by o.
25
Let v = 7335 + -6152. What is the remainder when v is divided by 15?
13
Let f(s) = -9*s**3 + 54*s**2 + 17*s - 21. What is the remainder when 668 is divided by f(6)?
20
Let a be (-196)/10*(-8 + -7). Suppose -274 = -4*x + 2*w, -5*x - 3*w + 54 = -a. Calculate the remainder when x is divided by 22/66 - 35/(-3).
9
Let g(d) = 3 - 2*d**2 - 11 - d**3 + 151*d - 157*d. What is the remainder when 121 is divided by g(-3)?
7
Suppose -495 = -2286*p + 2271*p. Suppose 2*u = 2*d - 7*d + 269, 2*d - 6 = 0. Calculate the remainder when u is divided by p.
28
Suppose -2620 = -27*u + 1484. Suppose u = o - 4*t, -440 = -2*o + 3*t - 136. Calculate the remainder when o is divided by 14.
12
Let r(c) = c**3 + 61. Let x be r(0). Let w be (-6)/(-4)*-3*2/(-1). Let z = x - w. Calculate the remainder when z is divided by 14.
10
Suppose -6*g - 243 = -4*g + 5*x, 3*x = -g - 122. Let t = 39 - g. What is the remainder when t is divided by 16?
14
Let n be (156/(-7))/(0 + 12/(-462)). Let y = 903 - n. What is the remainder when 130 is divided by y?
40
Let q = 3 - -6. Suppose -3*f + 36 = -144. What is the remainder when q is divided by ((-9)/(-5))/(18/f)?
3
Let o = 56 - 57. Let k(v) = 14*v**2 - 1. Let p = 311 - 276. Calculate the remainder when p is divided by k(o).
9
Let l = 9 - -66. Let u = l + -12. Let p = u + -40. Calculate the remainder when p is divided by 6.
5
Let b(c) = c**3 + c**2 + 3. Suppose -4*w + 2*v + 362 = 0, -3*w - 3*v = -8*v - 282. Calculate the remainder when w is divided by b(2).
14
Let w = 5342 - 5291. What is the remainder when 226 is divided by w?
22
Let h be 7 + -1 + (-108)/12. Let r(f) = -27*f**3 - 7*f**2 - 3*f + 25. Calculate the remainder when r(h) is divided by 26.
24
Suppose -926*v - 30250 = -948*v. Calculate the remainder when v is divided by 32.
31
Let z(o) = o**2 + 10*o - 96. Let x be z(6). Suppose x = -5*c - 3*k + 406, -5*c + 4*k + 117 + 275 = 0. What is the remainder when c is divided by 24?
8
Let h be ((-2541)/(-99))/(1/(-3)). Let o = h + 67. Calculate the remainder when 253 is divided by (-9)/(315/14) - 514/o.
49
Suppose 0 = -3*b - 8*y + 11*y + 30, 0 = b + y. Suppose -6*a - 2*k = -10*a + 1796, 1808 = 4*a - b*k. Calculate the remainder when a is divided by 75.
72
Let h be (1/(-3))/((-2)/24). Suppose -h*g + 8 = -3*g. Let w = 9159 - 9105. What is the remainder when w is divided by g?
6
Let l(h) = -447*h - 666. What is the remainder when l(-9) is divided by 80?
77
Suppose -20*b = 16*b - 1944. What is the remainder when 55 is divided by (-16 - -19) + b*(-2)/(-4)?
25
Suppose 4*m = 4*g + 6*m - 12, -5*g + 37 = -3*m. Calculate the remainder when 150 is divided by 5 - (-14 + 25/g).
10
Let w(c) = c**2 + 7*c + 2. Let t be w(-1). Let d = t + 27. What is the remainder when 216 is divided by d?
9
Let t(m) be the third derivative of -7*m**4/24 - 7*m**3/3 + 39*m**2. Calculate the remainder when 79 is divided by t(-4).
9
Let a(q) = -21 - 82 - q**2 - 1 - 24*q. What is the remainder when 194 is divided by a(-11)?
38
Let r(k) = 7*k - 60. Let b be r(10). Suppose -2*j = -b, 5*w = 4*j + 9 + 166. Calculate the remainder when 77 is divided by w.
38
Let y(z) = z**2 + 7*z + 263. Calculate the remainder when y(0) is divided by 92.
79
Let v(g) = 161*g**3 + g**2 - g - 1. Let p be v(-1). Let s = p - -156. Let x = s + 10. What is the remainder when 13 is divided by x?
1
Let w(j) = j**3 - j**2 + 82. Let y be w(0). Suppose -3*b + 4*f + y = 0, -2*b - 17 = -2*f - 75. What is the remainder when 96 is divided by b?
28
Let y(l) = l**3 + 29*l**2 - 9*l - 851. What is the remainder when y(-28) is divided by 5?
0
Let i = 884 + -761. Calculate the remainder when (i - 0) + 42/(-7) + 1 is divided by 12.
10
Let v = 67 + 348. Suppose 2*s + 4*d - 64 = 0, -11*s + d - 35 = -12*s. Calculate the remainder when v is divided by s.
35
Let z(h) = 382*h - 2454. Calculate the remainder when z(10) is divided by 57.
55
Suppose -4*y + 2*o = -o - 1552, 3*y = 2*o + 1163. Calculate the remainder when 173 is divided by (-7)/(y/10) + 486/11.
41
Suppose 5*u - 4*z - 487 = 0, -u + z = -3*u + 200. Suppose -5*f - 83 + 283 = -5*a, 5*f = 4*a + 207. What is the remainder when u is divided by f?
5
Let a = 7857 + -7833. Calculate the remainder when 5206 is divided by a.
22
Suppose j + 2*j - 639 = 0. Calculate the remainder when j is divided by (-18)/(7 - 1)*(114/(-18) - 4).
27
Let a = 13 + -7. Suppose 0 = -2*k + a*k - 12. Suppose 3*r - 65 - 25 = 0. What is the remainder when r is divided by k?
0
Let o(h) = 31*h + 382. Calculate the remainder when 15661 is divided by o(-11).
40
Let b(a) = a**2 + 13*a - 11. Let c be ((-8)/2 - 6) + -4. Let x be b(c). Calculate the remainder when (26/(-6) + x)/((-2)/105) is divided by 9.
7
What is the remainder when (-464 - -270)/((-2)/3) is divided by 45?
21
Let m = 40 + 13. What is the remainder when m is divided by (-3)/(20 + -2) + (-2635)/(-510)?
3
Let k(j) be the first derivative of j**3 - 29*j**2/2 + 39*j - 34. Let s(o) be the first derivative of k(o). Calculate the remainder when s(12) is divided by 22.
21
Let o = -71 + 115. What is the remainder when 4/(-3) - (-6831)/81 is divided by o?
39
Let t = -7 + 10. Suppose t*m - 4*m + r + 38 = 0, -5*m + 162 = 2*r. Let p = 487 